st the prime factors of 6937.
7, 991
List the prime factors of 3509.
11, 29
List the prime factors of 51584.
2, 13, 31
What are the prime factors of 1584?
2, 3, 11
What are the prime factors of 186?
2, 3, 31
List the prime factors of 27926.
2, 13963
What are the prime factors of 36938?
2, 11, 23, 73
List the prime factors of 4848.
2, 3, 101
List the prime factors of 23820.
2, 3, 5, 397
List the prime factors of 3093.
3, 1031
List the prime factors of 1375.
5, 11
What are the prime factors of 4446?
2, 3, 13, 19
List the prime factors of 1923.
3, 641
List the prime factors of 36836.
2, 9209
List the prime factors of 1140.
2, 3, 5, 19
What are the prime factors of 2232?
2, 3, 31
List the prime factors of 912.
2, 3, 19
What are the prime factors of 21691?
109, 199
List the prime factors of 1282.
2, 641
What are the prime factors of 2151?
3, 239
What are the prime factors of 42123?
3, 19, 739
What are the prime factors of 37240?
2, 5, 7, 19
List the prime factors of 1265.
5, 11, 23
What are the prime factors of 794?
2, 397
What are the prime factors of 25370?
2, 5, 43, 59
What are the prime factors of 62235?
3, 5, 461
What are the prime factors of 5938?
2, 2969
What are the prime factors of 2372?
2, 593
What are the prime factors of 1274?
2, 7, 13
List the prime factors of 1264.
2, 79
List the prime factors of 4219.
4219
What are the prime factors of 3295?
5, 659
List the prime factors of 8958.
2, 3, 1493
List the prime factors of 6912.
2, 3
List the prime factors of 5780.
2, 5, 17
What are the prime factors of 24884?
2, 6221
What are the prime factors of 112890?
2, 3, 5, 53, 71
List the prime factors of 5835.
3, 5, 389
List the prime factors of 101.
101
List the prime factors of 26646.
2, 3, 4441
List the prime factors of 23273.
17, 37
List the prime factors of 583.
11, 53
What are the prime factors of 86784?
2, 3, 113
What are the prime factors of 24812?
2, 6203
What are the prime factors of 1099?
7, 157
List the prime factors of 44312.
2, 29, 191
List the prime factors of 1193.
1193
List the prime factors of 1267.
7, 181
List the prime factors of 1810.
2, 5, 181
List the prime factors of 20596.
2, 19, 271
List the prime factors of 82731.
3, 11, 23, 109
List the prime factors of 4176.
2, 3, 29
What are the prime factors of 58896?
2, 3, 409
What are the prime factors of 15673?
7, 2239
List the prime factors of 2142.
2, 3, 7, 17
List the prime factors of 4.
2
List the prime factors of 5088.
2, 3, 53
What are the prime factors of 166409?
166409
What are the prime factors of 631?
631
What are the prime factors of 37875?
3, 5, 101
List the prime factors of 4378.
2, 11, 199
What are the prime factors of 48004?
2, 11, 1091
List the prime factors of 5619.
3, 1873
List the prime factors of 1684.
2, 421
List the prime factors of 633.
3, 211
List the prime factors of 1170.
2, 3, 5, 13
List the prime factors of 142.
2, 71
What are the prime factors of 473?
11, 43
List the prime factors of 448.
2, 7
List the prime factors of 17836.
2, 7, 13
What are the prime factors of 812?
2, 7, 29
List the prime factors of 133.
7, 19
List the prime factors of 2936.
2, 367
What are the prime factors of 20854?
2, 10427
What are the prime factors of 28975?
5, 19, 61
List the prime factors of 1683.
3, 11, 17
What are the prime factors of 3368?
2, 421
List the prime factors of 1390.
2, 5, 139
What are the prime factors of 561?
3, 11, 17
What are the prime factors of 20685?
3, 5, 7, 197
List the prime factors of 9582.
2, 3, 1597
What are the prime factors of 980?
2, 5, 7
What are the prime factors of 12242?
2, 6121
List the prime factors of 78227.
137, 571
List the prime factors of 10950.
2, 3, 5, 73
List the prime factors of 386.
2, 193
List the prime factors of 9147.
3, 3049
List the prime factors of 2586.
2, 3, 431
What are the prime factors of 924?
2, 3, 7, 11
List the prime factors of 16089.
3, 31, 173
List the prime factors of 1421.
7, 29
List the prime factors of 742.
2, 7, 53
What are the prime factors of 3901?
47, 83
What are the prime factors of 167529?
3, 55843
List the prime factors of 179187.
3, 59729
What are the prime factors of 2268?
2, 3, 7
List the prime factors of 5173.
7, 739
List the prime factors of 1950.
2, 3, 5, 13
List the prime factors of 100674.
2, 3, 7, 17, 47
List the prime factors of 1613.
1613
What are the prime factors of 4097?
17, 241
What are the prime factors of 3280?
2, 5, 41
List the prime factors of 48121.
48121
What are the prime factors of 1183?
7, 13
What are the prime factors of 5149?
19, 271
What are the prime factors of 830?
2, 5, 83
List the prime factors of 7019.
7019
What are the prime factors of 18081?
3, 7, 41
What are the prime factors of 11507?
37, 311
What are the prime factors of 4415?
5, 883
List the prime factors of 62059.
229, 271
List the prime factors of 1217.
1217
List the prime factors of 143.
11, 13
List the prime factors of 721.
7, 103
List the prime factors of 10438.
2, 17, 307
What are the prime factors of 12698?
2, 7, 907
What are the prime factors of 1613?
1613
List the prime factors of 145834.
2, 13, 71, 79
List the prime factors of 1200.
2, 3, 5
List the prime factors of 4951.
4951
What are the prime factors of 3589?
37, 97
What are the prime factors of 157496?
2, 19687
List the prime factors of 2439.
3, 271
What are the prime factors of 6?
2, 3
List the prime factors of 7753.
7753
List the prime factors of 8241.
3, 41, 67
List the prime factors of 9188.
2, 2297
List the prime factors of 252.
2, 3, 7
What are the prime factors of 4590?
2, 3, 5, 17
What are the prime factors of 36661?
61, 601
List the prime factors of 18457.
18457
List the prime factors of 5670.
2, 3, 5, 7
List the prime factors of 27117.
3, 23, 131
List the prime factors of 41469.
3, 23, 601
List the prime factors of 647.
647
List the prime factors of 138662.
2, 19, 41, 89
List the prime factors of 1278.
2, 3, 71
What are the prime factors of 5194?
2, 7, 53
What are the prime factors of 2680?
2, 5, 67
What are the prime factors of 65?
5, 13
What are the prime factors of 5662?
2, 19, 149
What are the prime factors of 14899?
47, 317
List the prime factors of 1215.
3, 5
List the prime factors of 2215.
5, 443
What are the prime factors of 5367?
3, 1789
List the prime factors of 32789.
32789
List the prime factors of 46963.
7, 6709
What are the prime factors of 1671?
3, 557
List the prime factors of 49858.
2, 97, 257
What are the prime factors of 3287?
19, 173
What are the prime factors of 3107?
13, 239
What are the prime factors of 11951?
17, 19, 37
What are the prime factors of 14942?
2, 31, 241
What are the prime factors of 105?
3, 5, 7
List the prime factors of 3255.
3, 5, 7, 31
What are the prime factors of 23153?
13, 137
List the prime factors of 739.
739
List the prime factors of 321.
3, 107
What are the prime factors of 305?
5, 61
List the prime factors of 246.
2, 3, 41
List the prime factors of 57291.
3, 13, 113
What are the prime factors of 1770?
2, 3, 5, 59
What are the prime factors of 973?
7, 139
List the prime factors of 912.
2, 3, 19
List the prime factors of 3354.
2, 3, 13, 43
What are the prime factors of 11914?
2, 7, 23, 37
What are the prime factors of 1840?
2, 5, 23
List the prime factors of 9628.
2, 29, 83
What are the prime factors of 13187?
13187
List the prime factors of 15966.
2, 3, 887
List the prime factors of 4113.
3, 457
What are the prime factors of 25?
5
What are the prime factors of 8210?
2, 5, 821
List the prime factors of 1124.
2, 281
What are the prime factors of 1449?
3, 7, 23
List the prime factors of 11398.
2, 41, 139
What are the prime factors of 1441?
11, 131
What are the prime factors of 1614?
2, 3, 269
What are the prime factors of 8129?
11, 739
What are the prime factors of 77?
7, 11
List the prime factors of 2910.
2, 3, 5, 97
What are the prime factors of 316?
2, 79
List the prime factors of 351.
3, 13
What are the prime factors of 144086?
2, 72043
What are the prime factors of 97122?
2, 3, 16187
What are the prime factors of 19921?
11, 1811
What are the prime factors of 3568?
2, 223
List the prime factors of 2892.
2, 3, 241
List the prime factors of 20742.
2, 3, 3457
What are the prime factors of 2737?
7, 17, 23
List the prime factors of 46054.
2, 23027
List the prime factors of 29965.
5, 13, 461
What